{"id":101,"date":"2024-07-08T09:30:59","date_gmt":"2024-07-08T07:30:59","guid":{"rendered":"https:\/\/www.diocesidiroma.it\/missionario\/?page_id=101"},"modified":"2026-04-27T13:38:46","modified_gmt":"2026-04-27T11:38:46","slug":"missionari","status":"publish","type":"page","link":"https:\/\/www.diocesidiroma.it\/missionario\/index.php\/missionari\/","title":{"rendered":"Missionari"},"content":{"rendered":"<p>[vc_row full_width=&#8221;stretch_row&#8221; css=&#8221;.vc_custom_1719235090726{background-color: #e1a64d !important;}&#8221;][vc_column][vc_custom_heading text=&#8221;Missionari&#8221; font_container=&#8221;tag:h1|text_align:left|color:%23ffffff&#8221; google_fonts=&#8221;font_family:Titillium%20Web%3A200%2C200italic%2C300%2C300italic%2Cregular%2Citalic%2C600%2C600italic%2C700%2C700italic%2C900|font_style:400%20regular%3A400%3Anormal&#8221; css=&#8221;.vc_custom_1719235008214{margin-top: 0px !important;padding-top: 0px !important;}&#8221;][\/vc_column][\/vc_row][vc_row full_width=&#8221;stretch_row&#8221; css=&#8221;.vc_custom_1718088246634{padding-bottom: 30px !important;}&#8221;][vc_column width=&#8221;1\/3&#8243;][vc_single_image image=&#8221;211&#8243; img_size=&#8221;full&#8221;][\/vc_column][vc_column width=&#8221;2\/3&#8243;][vc_column_text css=&#8221;.vc_custom_1719235828192{padding-top: 0px !important;}&#8221;]Con l\u2019Enclica Fidei Donum, il Papa Pio XII nel 1957 d\u00e0 inizio ad una particolare collaborazione missionaria tra le Chiese. Consiste in uno scambio fraterno ed apostolico di sacerdoti che per un periodo di tre o pi\u00f9 anni, vengono inviati dal proprio vescovo ed accolti dal vescovo della Chiesa sorella per svolgere un servizio presso comunit\u00e0 ecclesiali con una presenza di presbiteri non ancora sufficiente a far fronte alle molteplici urgenze pastorali.[\/vc_column_text][vc_column_text css=&#8221;.vc_custom_1774349292305{padding-top: 0px !important;}&#8221;]<\/p>\n<h3>SACERDOTI FIDEI DONUM<\/h3>\n<p>Le missioni fidei donum sono i luoghi in cui operano i sacerdoti inviati. I sacerdoti fidei donum sono dunque un\u2019espressione della comunione e della collaborazione tra le Chiese (Cfr. RMi 68).<\/p>\n<p>La nostra Diocesi di Roma ha attualmente <strong>15 sacerdoti fidei donum<\/strong> che nel mondo sono impegnati nell\u2019annuncio del vangelo e in varie attivit\u00e0 pastorali, sociali e di formazione.[\/vc_column_text][\/vc_column][\/vc_row][vc_row full_width=&#8221;stretch_row&#8221;][vc_column][vc_column_text]<\/p>\n<div style=\"background-color: #de9951; color: #ffffff; padding: 10px; display: block;\"><strong>AFRICA<\/strong><\/div>\n<p><strong>don Aldo Donelli<br \/>\n<\/strong>Dal 1\u00b0 ottobre 2025 opera come sacerdote fidei donum ad Addis Abeba.<\/p>\n<p><strong>don Jean Florent Agbo<br \/>\n<\/strong>Dal 1\u00b0 giugno 2023 \u00e8 docente presso il Seminario diocesano di Yopougou, in Costa d\u2019Avorio.<\/p>\n<p><strong>don Marco Ciroli<br \/>\n<\/strong>Dal 1\u00b0 settembre 2018 \u00e8 rettore del Seminario Redemptoris Mater di Douala in Cameroun.[\/vc_column_text][vc_column_text]<\/p>\n<div style=\"background-color: #de9951; color: #ffffff; padding: 10px; display: block;\"><strong>ASIA<\/strong><\/div>\n<p><strong>don Guillaume Brute de Remur<br \/>\n<\/strong>Dal 15 novembre 2017 rettore del Seminario Eparchiale Internazionale Redemptoris Mater in Libano.<\/p>\n<p><strong>don Filippo Morlacchi<br \/>\n<\/strong>Dal 1\u00b0 settembre 2018 \u00e8 cappellano della <em>Casa Mater Misericordiae<\/em> e presta servizio pastorale alle locali comunit\u00e0 cristiane presso il Patriarcato dei Latini di Gerusalemme.<\/p>\n<p><strong>don Francesco Giosu\u00e8 Voltaggio<br \/>\n<\/strong>Originario della parrocchia Nostra Signora del Santissimo Sacramento e Santi Martiri Canadesi, opera presso il Patriarcato dei Latini di Gerusalemme come rettore della casa <em>Domus Bethaniae<\/em>, a Gerusalemme, nei pressi dell\u2019antico villaggio biblico di Betania, alle pendici del Monte degli Ulivi.[\/vc_column_text][vc_column_text]<\/p>\n<div style=\"background-color: #de9951; color: #ffffff; padding: 10px; display: block;\"><strong>AMERICA<\/strong><\/div>\n<p><strong>don Hugo Martin Cabrera Aramayo<br \/>\n<\/strong>Dal 1\u00b0 giugno 2018 \u00e8 membro dell\u2019equipe di formatori presso il Seminario Redemptoris Mater di Arequipa, in Per\u00f9.<\/p>\n<p><strong>don Guillermo Bruno Colautti<br \/>\n<\/strong>Dal 1\u00b0 aprile 2018 \u00e8 in Brasile come formatore presso il Seminario Arcidiocesano Redemptoris Mater di Brasilia, Direttore Accedemico del Centro di studi omonimo, quindi Collaboratore parrocchiale presso la Parrocchia <em>Nossa Senhora das Gra\u00e7as<\/em>.<\/p>\n<p><strong>don Jorge Richard Infanzon Olivares<br \/>\n<\/strong>Dal 1\u00b0 novembre 2018 opera come sacerdote <em>fidei donum <\/em>nella diocesi di Chosica, in Per\u00f9, prima come Parroco della Parrocchia <em>Nuestra Se\u00f1ora del Rosario <\/em>e Vicario Episcopale e poi dal 2025 come cappellano presso l&#8217;<em>Istituto Penale Lurigancho<\/em>.<\/p>\n<p><strong>don Ruben Fernando Lema Rey<br \/>\n<\/strong>Dal 12 dicembre 2017 \u00e8 sacerdote <em>fidei donum <\/em>in Uruguay, prima come rettore del Seminario Missionario Redemptoris Mater di Montevideo, e dal 2022 come Parroco della Parrocchia <em>Sagrado Coraz\u00f3n de Jes\u00fas<\/em> a Montevideo.<\/p>\n<p><strong>don Edimilson Lima<br \/>\n<\/strong>Dal 1\u00b0 settembre 2018 \u00e8 parroco della parrocchia di <em>Santo Ant\u00f4nio <\/em>nella diocesi di Sao Salvador da Bahia, Brasile.<\/p>\n<p><strong>don Alvaro Jos\u00e9 Martin Enrione<br \/>\n<\/strong>Dal 1\u00b0 luglio 2020 \u00e8 missionario <em>fidei donum <\/em>nell\u2019Arcidiocesi di Arequipa, in Per\u00f9. Opera come parroco della parrocchia <em>Cristo Resucitado<\/em> di Socabaya e\u00a0 formatore nei due Seminari diocesani.<\/p>\n<p><strong>don Pablo Ponce Rodriguez<br \/>\n<\/strong>Dal 1\u00b0 aprile 2023 \u00e8 missionario <em>fidei donum <\/em>in Bolivia, a La Paz, dove svolge il serivizo di Parroco della Parrocchia <em>Santa Maria Madre de Dios<\/em>, docente di Sacra Scrittura presso l&#8217;Istituto di Teologia San Girolamo, Vicario della Vicaria Munaypata e responsabile della pastorale familiare dell&#8217;Arcidiocesi di La Paz.<\/p>\n<p><strong>don Mattia Seu<br \/>\n<\/strong>Dal 1\u00b0 agosto 2023 <em>fidei donum <\/em>come formatore presso il Seminario Redemptoris Mater di Brasilia, Brasile.<\/p>\n<p><strong>don Juan Ricardo Yangua Lapouble<br \/>\n<\/strong>Dopo 7 anni di servizio pastorale nella diocesi di Neiva, in Colombia, dal 1\u00b0 agosto 2016 \u00e8 missionario <em>fidei donum <\/em>in Uruguay, presso la Parrocchia <em>Nostra Signora del Carmen <\/em>a Villa del Carmen.[\/vc_column_text][\/vc_column][\/vc_row][vc_row full_width=&#8221;stretch_row&#8221;][vc_column][vc_separator][\/vc_column][\/vc_row][vc_row full_width=&#8221;stretch_row&#8221; css=&#8221;.vc_custom_1718088246634{padding-bottom: 30px !important;}&#8221;][vc_column width=&#8221;1\/4&#8243;][vc_single_image image=&#8221;347&#8243; img_size=&#8221;full&#8221;][\/vc_column][vc_column width=&#8221;3\/4&#8243;][vc_column_text css=&#8221;.vc_custom_1774349369865{padding-top: 0px !important;}&#8221;]<\/p>\n<h3>LAICI FIDEI DONUM<\/h3>\n<p>Oltre ai sacerdoti, dalla Diocesi di Roma sono partiti verso le Chiese sorelle anche <strong>6 laici fidei donum<\/strong>. Essi partecipano all\u2019evangelizzazione ad gentes nelle modalit\u00e0 tipiche della mi\u00adnisterialit\u00e0 laicale, mettendo a frutto le proprie professionalit\u00e0 a servizio di attivit\u00e0 di promozione umana, consapevoli della responsabilit\u00e0 che deriva dall\u2019essere battezzati in Cristo.[\/vc_column_text][\/vc_column][\/vc_row][vc_row full_width=&#8221;stretch_row&#8221;][vc_column][vc_column_text]<\/p>\n<div style=\"background-color: #de9951; color: #ffffff; padding: 10px; display: block;\"><strong>AFRICA<\/strong><\/div>\n<p><strong>Valerio Colicchia <\/strong><br \/>\nOpera in Camerun con AVAZ \u2013 Associazione Volontari per lo sviluppo dei popoli.<\/p>\n<p><strong>Dino Furgione e Roberta Nardi<\/strong><br \/>\nOriginari della parrocchia San Raimondo Nonnato e membri del Cammino Neocatecumenale, insieme a 5 dei loro 9 figli sono missionari in Sudafrica.<\/p>\n<p><strong>Concetta Leone<\/strong><br \/>\nMissionaria in Mozambico per AUCI &#8211; Associazione Universitaria per la Cooperazione Internazionale.[\/vc_column_text][vc_column_text]<\/p>\n<div style=\"background-color: #de9951; color: #ffffff; padding: 10px; display: block;\"><strong>AMERICA<\/strong><\/div>\n<p><strong>Melisa Agostino Ninone <\/strong><br \/>\nOperatrice per ENGIM &#8211; Ente Nazionale Giuseppini del Murialdo in servizio presso il vicariato apostolico di San Miguel de Sucumb\u00edos, in Ecuador.<\/p>\n<p><strong>Elena Montagner <\/strong><br \/>\nOriginaria della parrocchia San Giuseppe Artigiano e appartenente alla Comunit\u00e0 Redemptor hominis, presta il suo servizio in Paraguay presso la parrocchia Sagrado Coraz\u00f3n de Jes\u00fas a Ypacara\u00ed, nella Diocesi di San Lorenzo.[\/vc_column_text][\/vc_column][\/vc_row][vc_row full_width=&#8221;stretch_row&#8221;][vc_column][vc_separator][\/vc_column][\/vc_row][vc_row full_width=&#8221;stretch_row&#8221;][vc_column][vc_column_text css=&#8221;.vc_custom_1774349327521{margin-top: 30px !important;}&#8221;]<\/p>\n<h3>MISSIONARI NEL MONDO<\/h3>\n<p>Sono 173 i missionari romani di cui siamo a conoscenza che sono partiti per annunciare nel mondo la Buona Notizia. Di questi 131 sono sacerdoti (di cui 15 fidei donum), 9 laici fidei donum e 32 membri di congregazioni religiose e societ\u00e0 di vita apostolica di diritto pontificio.<\/p>\n<h2><\/h2>\n<p>[\/vc_column_text][\/vc_column][\/vc_row][vc_row full_width=&#8221;stretch_row&#8221;][vc_column][vc_empty_space height=&#8221;52px&#8221;][\/vc_column][\/vc_row]<\/p>\n","protected":false},"excerpt":{"rendered":"<p>[vc_row full_width=&#8221;stretch_row&#8221; css=&#8221;.vc_custom_1719235090726{background-color: #e1a64d !important;}&#8221;][vc_column][vc_custom_heading text=&#8221;Missionari&#8221; font_container=&#8221;tag:h1|text_align:left|color:%23ffffff&#8221; google_fonts=&#8221;font_family:Titillium%20Web%3A200%2C200italic%2C300%2C300italic%2Cregular%2Citalic%2C600%2C600italic%2C700%2C700italic%2C900|font_style:400%20regular%3A400%3Anormal&#8221; css=&#8221;.vc_custom_1719235008214{margin-top: 0px !important;padding-top: 0px !important;}&#8221;][\/vc_column][\/vc_row][vc_row full_width=&#8221;stretch_row&#8221; css=&#8221;.vc_custom_1718088246634{padding-bottom: 30px !important;}&#8221;][vc_column width=&#8221;1\/3&#8243;][vc_single_image image=&#8221;211&#8243; img_size=&#8221;full&#8221;][\/vc_column][vc_column width=&#8221;2\/3&#8243;][vc_column_text css=&#8221;.vc_custom_1719235828192{padding-top: 0px !important;}&#8221;]Con l\u2019Enclica Fidei Donum, il Papa Pio XII nel 1957 d\u00e0 inizio ad una particolare collaborazione missionaria tra le Chiese. Consiste in uno scambio fraterno ed apostolico di sacerdoti che per un [&hellip;]<\/p>\n","protected":false},"author":3,"featured_media":0,"parent":0,"menu_order":0,"comment_status":"closed","ping_status":"closed","template":"","meta":{"footnotes":""},"class_list":["post-101","page","type-page","status-publish","hentry"],"_links":{"self":[{"href":"https:\/\/www.diocesidiroma.it\/missionario\/index.php\/wp-json\/wp\/v2\/pages\/101","targetHints":{"allow":["GET"]}}],"collection":[{"href":"https:\/\/www.diocesidiroma.it\/missionario\/index.php\/wp-json\/wp\/v2\/pages"}],"about":[{"href":"https:\/\/www.diocesidiroma.it\/missionario\/index.php\/wp-json\/wp\/v2\/types\/page"}],"author":[{"embeddable":true,"href":"https:\/\/www.diocesidiroma.it\/missionario\/index.php\/wp-json\/wp\/v2\/users\/3"}],"replies":[{"embeddable":true,"href":"https:\/\/www.diocesidiroma.it\/missionario\/index.php\/wp-json\/wp\/v2\/comments?post=101"}],"version-history":[{"count":18,"href":"https:\/\/www.diocesidiroma.it\/missionario\/index.php\/wp-json\/wp\/v2\/pages\/101\/revisions"}],"predecessor-version":[{"id":810,"href":"https:\/\/www.diocesidiroma.it\/missionario\/index.php\/wp-json\/wp\/v2\/pages\/101\/revisions\/810"}],"wp:attachment":[{"href":"https:\/\/www.diocesidiroma.it\/missionario\/index.php\/wp-json\/wp\/v2\/media?parent=101"}],"curies":[{"name":"wp","href":"https:\/\/api.w.org\/{rel}","templated":true}]}}