{"id":5558,"date":"2022-01-25T18:48:19","date_gmt":"2022-01-25T17:48:19","guid":{"rendered":"https:\/\/www.diocesidiroma.it\/sostentamentocleroroma\/?page_id=5558"},"modified":"2026-02-16T15:40:52","modified_gmt":"2026-02-16T14:40:52","slug":"sacerdoti-polizzasanitaria-rimborso","status":"publish","type":"page","link":"https:\/\/www.diocesidiroma.it\/sostentamentocleroroma\/index.php\/sacerdoti\/sacerdoti-polizza-sanitaria\/sacerdoti-polizzasanitaria-rimborso\/","title":{"rendered":"<POLIZZA - RIMBORSO span style=\"font-family: footlight mt; ; font-size: 15px;padding-left:1%\">SEZIONE SACERDOTI"},"content":{"rendered":"<p>[vc_row css=&#8221;.vc_custom_1643019192757{background-position: center !important;background-repeat: no-repeat !important;background-size: cover !important;}&#8221;][vc_column width=&#8221;1\/4&#8243; css=&#8221;.vc_custom_1643100980944{background-image: url(https:\/\/www.diocesidiroma.it\/sostentamentocleroroma\/wp-content\/uploads\/2022\/01\/blu.jpg?id=5389) !important;}&#8221;][vc_btn title=&#8221;ISCRIZIONI E VARIAZIONI&#8221; color=&#8221;primary&#8221; size=&#8221;xs&#8221; align=&#8221;center&#8221; button_block=&#8221;true&#8221; link=&#8221;url:https%3A%2F%2Fwww.diocesidiroma.it%2Fsostentamentocleroroma%2Findex.php%2Fsacerdoti%2Fsacerdoti-iscrizione%2F|title:SEZIONE%20SACERDOTI||&#8221; css=&#8221;.vc_custom_1683114807258{margin-top: 14% !important;}&#8221;][vc_btn title=&#8221;PORTALE &#8211; SERVIZI AL SACERDOTE&#8221; color=&#8221;primary&#8221; size=&#8221;xs&#8221; align=&#8221;center&#8221; button_block=&#8221;true&#8221; link=&#8221;url:https%3A%2F%2Fwww.diocesidiroma.it%2Fsostentamentocleroroma%2Findex.php%2Fsacerdoti%2Fsacerdoti-area-personale%2F|title:SEZIONE%20SACERDOTI||&#8221; css=&#8221;.vc_custom_1680002591496{margin-top: -5% !important;}&#8221;][vc_btn title=&#8221;ASSISTENZA SANITARIA&#8221; color=&#8221;primary&#8221; size=&#8221;xs&#8221; align=&#8221;center&#8221; button_block=&#8221;true&#8221; link=&#8221;url:https%3A%2F%2Fwww.diocesidiroma.it%2Fsostentamentocleroroma%2Findex.php%2Fsacerdoti%2Fsacerdoti-polizza-sanitaria%2F|title:SEZIONE%20SACERDOTI||&#8221; css=&#8221;.vc_custom_1680002786173{margin-top: -5% !important;}&#8221;][vc_btn title=&#8221;REGOLAMENTO&#8221; style=&#8221;custom&#8221; custom_background=&#8221;#eaeaea&#8221; custom_text=&#8221;#0a0a0a&#8221; size=&#8221;xs&#8221; align=&#8221;center&#8221; link=&#8221;url:https%3A%2F%2Fwww.diocesidiroma.it%2Fsostentamentocleroroma%2Findex.php%2Fsacerdoti%2Fsacerdoti-polizza-sanitaria%2Fsacerdoti-polizzasanitaria-regolamento%2F|title:SEZIONE%20SACERDOTI||&#8221; css=&#8221;.vc_custom_1762439896847{margin-top: -5% !important;}&#8221;][vc_btn title=&#8221;RICHIESTA DI RIMBORSO&#8221; style=&#8221;custom&#8221; custom_background=&#8221;#eaeaea&#8221; custom_text=&#8221;#0a0a0a&#8221; size=&#8221;xs&#8221; align=&#8221;center&#8221; link=&#8221;url:https%3A%2F%2Fwww.diocesidiroma.it%2Fsostentamentocleroroma%2Findex.php%2Fsacerdoti%2Fsacerdoti-polizza-sanitaria%2Fsacerdoti-polizzasanitaria-rimborso%2F|title:SEZIONE%20SACERDOTI||&#8221; css=&#8221;.vc_custom_1680002782214{margin-top: -5% !important;}&#8221;][vc_btn title=&#8221;TESSERA SANITARIA &#8211; ASL&#8221; color=&#8221;primary&#8221; size=&#8221;xs&#8221; align=&#8221;center&#8221; button_block=&#8221;true&#8221; link=&#8221;url:https%3A%2F%2Fwww.diocesidiroma.it%2Fsostentamentocleroroma%2Findex.php%2Fsacerdoti%2Fsacerdoti-tesserasanitaria%2F|title:SEZIONE%20SACERDOTI||&#8221; css=&#8221;.vc_custom_1680002790166{margin-top: -5% !important;}&#8221;][vc_btn title=&#8221;ASSISTENZA DOMESTICA&#8221; color=&#8221;primary&#8221; size=&#8221;xs&#8221; align=&#8221;center&#8221; button_block=&#8221;true&#8221; link=&#8221;url:https%3A%2F%2Fwww.diocesidiroma.it%2Fsostentamentocleroroma%2Findex.php%2Fsacerdoti-assistenza-domestica%2F|title:SEZIONE%20SACERDOTI||&#8221; css=&#8221;.vc_custom_1680002793997{margin-top: -5% !important;}&#8221;][vc_btn title=&#8221;ASSISTENZA FISCALE&#8221; color=&#8221;primary&#8221; size=&#8221;xs&#8221; align=&#8221;center&#8221; button_block=&#8221;true&#8221; link=&#8221;url:https%3A%2F%2Fwww.diocesidiroma.it%2Fsostentamentocleroroma%2Findex.php%2Fsacerdoti%2Fsacerdoti-assistenzafiscale%2F|title:ASSISTENZA%20FISCALE||&#8221; css=&#8221;.vc_custom_1680002797819{margin-top: -5% !important;}&#8221;][vc_btn title=&#8221;INDENNIT\u00c0 DI ALLOGGIO&#8221; color=&#8221;primary&#8221; size=&#8221;xs&#8221; align=&#8221;center&#8221; button_block=&#8221;true&#8221; link=&#8221;url:https%3A%2F%2Fwww.diocesidiroma.it%2Fsostentamentocleroroma%2Findex.php%2Fsacerdoti%2Fsacerdoti-indennitadialloggio%2F|title:ASSISTENZA%20FISCALE||&#8221; css=&#8221;.vc_custom_1680002801648{margin-top: -5% !important;}&#8221;][vc_btn title=&#8221;FONDO CLERO INPS&#8221; color=&#8221;primary&#8221; size=&#8221;xs&#8221; align=&#8221;center&#8221; button_block=&#8221;true&#8221; link=&#8221;url:https%3A%2F%2Fwww.diocesidiroma.it%2Fsostentamentocleroroma%2Findex.php%2Fsacerdoti%2Fsacerdoti-fondoclero%2F|title:SEZIONE%20SACERDOTI||&#8221; css=&#8221;.vc_custom_1680176297671{margin-top: -5% !important;}&#8221;][vc_btn title=&#8221;PREVIDENZA INTEGRATIVA C.E.I. &#8221; color=&#8221;primary&#8221; size=&#8221;xs&#8221; align=&#8221;center&#8221; button_block=&#8221;true&#8221; link=&#8221;url:https%3A%2F%2Fwww.diocesidiroma.it%2Fsostentamentocleroroma%2Findex.php%2Fsacerdoti%2Fpia%2F|title:SEZIONE%20SACERDOTI||&#8221; css=&#8221;.vc_custom_1680176285703{margin-top: -5% !important;}&#8221;][vc_btn title=&#8221;VERSAMENTI&#8221; color=&#8221;primary&#8221; size=&#8221;xs&#8221; align=&#8221;center&#8221; button_block=&#8221;true&#8221; link=&#8221;url:https%3A%2F%2Fwww.diocesidiroma.it%2Fsostentamentocleroroma%2Findex.php%2Fsacerdoti%2Fsacerdoti-versamenti%2F|title:SEZIONE%20SACERDOTI||&#8221; css=&#8221;.vc_custom_1680002813165{margin-top: -5% !important;}&#8221;][vc_btn title=&#8221;DOMANDE RICORRENTI&#8221; color=&#8221;primary&#8221; size=&#8221;xs&#8221; align=&#8221;center&#8221; button_block=&#8221;true&#8221; link=&#8221;url:https%3A%2F%2Fwww.diocesidiroma.it%2Fsostentamentocleroroma%2Findex.php%2Fsacerdoti%2Fsacerdoti-versamenti%2F|title:SEZIONE%20SACERDOTI|target:%20_blank|&#8221; css=&#8221;.vc_custom_1683114811386{margin-top: -5% !important;}&#8221;][vc_btn title=&#8221; DICHIARAZIONE ANNUALE&#8221; color=&#8221;primary&#8221; size=&#8221;xs&#8221; align=&#8221;center&#8221; button_block=&#8221;true&#8221; link=&#8221;url:https%3A%2F%2Fwww.diocesidiroma.it%2Fsostentamentocleroroma%2Findex.php%2Fsacerdoti%2Fdichiarazione%2Fdiocesidiroma%2F|title:SEZIONE%20SACERDOTI||&#8221; css=&#8221;.vc_custom_1706625134641{margin-top: -5% !important;}&#8221;][\/vc_column][vc_column width=&#8221;3\/4&#8243;][vc_column_text]<\/p>\n<h5 style=\"text-align: center; font-family: Footlight mt;\">\u00a0<strong>RICHIESTA DI RIMBORSO SPESE<\/strong><\/h5>\n<p>[\/vc_column_text][vc_column_text css=&#8221;.vc_custom_1650438117831{margin-top: 30px !important;}&#8221;]<\/p>\n<p style=\"text-align: justify;\"><span style=\"font-family: footlight mt; font-size: large;\"><strong>IMPORTANTE<\/strong>: prima di procedere con la richiesta di rimborso delle spese sanitarie, assicurarsi di aver compilato il modulo della privacy, e di averlo spedito al seguente indirizzo email: <strong>sacerdoti@sostentamentocleroroma.it .\u00a0 <\/strong>Senza il modulo della privacy compilato nessuna richiesta potr\u00e0 essere presa in carico. Per scaricare il modulo della privacy cliccare sul tasto sottostante.<\/span><\/p>\n<p>[\/vc_column_text][vc_btn title=&#8221;MODULO PRIVACY&#8221; color=&#8221;primary&#8221; align=&#8221;left&#8221; link=&#8221;url:https%3A%2F%2Fwww.diocesidiroma.it%2Fsostentamentocleroroma%2Fwp-content%2Fuploads%2F2024%2F07%2FModulo-Privacy-Reverendo-CLERO-_nr.-410769325-editabile.pdf||target:%20_blank|&#8221; css=&#8221;.vc_custom_1762440104403{margin-top: -2% !important;}&#8221;][vc_column_text css=&#8221;.vc_custom_1762439820996{margin-top: 4% !important;}&#8221;]<\/p>\n<p style=\"text-align: justify;\"><span style=\"font-family: footlight mt; font-size: large;\">L\u2019assicurato pu\u00f2 usufruire del rimborso delle spese sostenute attraverso 2 modalit\u00e0 di distinte:<br \/>\n<\/span><\/p>\n<p style=\"text-align: justify;\"><strong><span style=\"font-family: footlight mt; font-size: large;\">1) MODALITA\u2019 DIRETTA <\/span><\/strong><\/p>\n<p style=\"text-align: justify;\"><span style=\"font-family: footlight mt; font-size: large;\">Con modalit\u00e0 diretta si intende la possibilit\u00e0 di scegliere una <strong>struttura convenzionata<\/strong> e comunicare con anticipo la prestazione di cui si necessita, in modo da ottenere la copertura di tutte le spese sanitarie. La struttura convenzionata deve essere scelta al seguente indirizzo:<\/span><\/p>\n<p>[\/vc_column_text][vc_btn title=&#8221;STRUTTURE CONVENZIONATE&#8221; color=&#8221;primary&#8221; align=&#8221;left&#8221; link=&#8221;url:https%3A%2F%2Fwww.generali.it%2Fstrutture-convenzionate%2Fstrutture-mediche%3Fprv%3Dsearch||target:%20_blank|&#8221; css=&#8221;.vc_custom_1762440110048{margin-top: -2% !important;}&#8221;][vc_column_text]<\/p>\n<p style=\"text-align: justify;\"><span style=\"font-family: footlight mt; font-size: large;\">L&#8217;Assicurato, qualora necessiti di effettuare una prestazione sanitaria presso una struttura convenzionata deve contattare la Centrale Operativa, <strong>almeno 5 giorni feriali prima<\/strong> (consigliabile 10 giorni prima) della data della prestazione in caso di ricovero ospedaliero (compreso day hospital e interventi ambulatoriali) e <strong>almeno 3 giorni feriali prima<\/strong> (consigliabile 10 giorni prima) in caso di prestazioni extra-ricovero (visite, esami, alta diagnostica), al fine di verificare la convenzione della struttura prescelta e dell\u2019equipe medica e di valutare la congruit\u00e0 assicurativa della prestazione.<\/span><\/p>\n<p>[\/vc_column_text][vc_column_text]<\/p>\n<p style=\"text-align: justify;\"><span style=\"font-family: footlight mt; font-size: large;\">L\u2019assicurato dovr\u00e0 pertanto effettuare la richiesta attraverso mail all\u2019indirizzo <strong>attivazionidiretteICSC@generali.com <\/strong>(o in alternativa telefonando al numero verde gratuito <strong>800.505.070<\/strong>), \u00a0comunicando:<\/span><\/p>\n<ul>\n<li><span style=\"font-family: footlight mt; font-size: large;\"><strong>Nome e cognome<\/strong> della persona che effettua la prestazione <\/span><\/li>\n<li><span style=\"font-family: footlight mt; font-size: large;\"><strong>Struttura sanitaria<\/strong> presso cui sar\u00e0 effettuata la prestazione e nominativo equipe medica <\/span><\/li>\n<li><span style=\"font-family: footlight mt; font-size: large;\"><strong>Prestazione sanitaria da effettuare<\/strong> con la relativa data di ingresso in ospedale <\/span><\/li>\n<li><span style=\"font-family: footlight mt; font-size: large;\"><strong>Diagnosi<\/strong> (con anamnesi prossima e remota) <\/span><\/li>\n<\/ul>\n<p style=\"text-align: justify;\"><span style=\"font-family: footlight mt; font-size: large;\">Solo per le attivazioni relative alle prestazioni di <strong>ricovero ospedaliero<\/strong>, sia in caso di attivazione telefonica (grazie ad una successiva mail) sia in caso di prima attivazione via mail, l\u2019Assicurato dovr\u00e0 allegare la <strong>prescrizione medica<\/strong> con i seguenti elementi:<\/span><\/p>\n<ul>\n<li><span style=\"font-family: footlight mt; font-size: large;\"><strong>Diagnosi <\/strong>(con anamnesi prossima e remota)<\/span><\/li>\n<li><span style=\"font-family: footlight mt; font-size: large;\"><strong>Prestazione sanitaria<\/strong> da effettuare <\/span><\/li>\n<li><span style=\"font-family: footlight mt; font-size: large;\"><strong>Eventuali referti<\/strong> degli esami strumentali eseguiti <\/span><\/li>\n<\/ul>\n<p>[\/vc_column_text][vc_btn title=&#8221;MODULO DI RICHIESTA ATTIVAZIONE DIRETTA&#8221; color=&#8221;primary&#8221; link=&#8221;url:https%3A%2F%2Fwww.diocesidiroma.it%2Fsostentamentocleroroma%2Fwp-content%2Fuploads%2F2024%2F03%2FMODULO-RICHIESTA-ATTIVAZIONE-DIRETTA.pdf||target:%20_blank|&#8221;][vc_column_text]<\/p>\n<p style=\"text-align: justify;\"><span style=\"font-family: footlight mt; font-size: large;\">Nel giro di pochi giorni verr\u00e0 inviata da parte delle Assicurazioni Generali un&#8217;email di conferma della presa in carico della prestazione sanitaria. Nel caso questa non dovesse pervenire entro 5 giorni, \u00e8 consigliabile chiamare il numero verde per eventuali aggiornamenti in merito.<\/span><\/p>\n<p>[\/vc_column_text][vc_column_text]<\/p>\n<p style=\"text-align: justify;\"><span style=\"font-family: footlight mt; font-size: large;\">Il numero verde <strong>numero verde gratuito 800.505.070<\/strong> (dall\u2019estero +39 02 8295 4694) \u00e8 attivo dal luned\u00ec al venerd\u00ec, dalle 9:00 alle 18:00, e il sabato dalle 8:00 alle 13:00.<\/span><\/p>\n<p>[\/vc_column_text][vc_column_text]<\/p>\n<h5 style=\"font-family: footlight mt;\"><strong><strong>\u00a0<\/strong><\/strong><\/h5>\n<p style=\"text-align: justify;\"><strong><span style=\"font-family: footlight mt; font-size: large;\">2) MODALITA\u2019 INDIRETTA (RIMBORSO)<\/span><\/strong><\/p>\n<p style=\"text-align: justify;\"><span style=\"font-family: footlight mt; font-size: large;\">Con modalit\u00e0 indiretta si intende la possibilit\u00e0 dell\u2019assicurato di richiedere il rimborso delle spese sostenute, dopo che la prestazione sanitaria sia gi\u00e0 avvenuta, secondo i casi e le norme descritti nella sezione regolamento.<\/span><\/p>\n<p style=\"text-align: justify;\"><span style=\"font-family: footlight mt; font-size: large;\">Per richiedere il rimborso delle spese sostenute, \u00e8 necessario compilare il modulo di seguito indicato. <\/span><\/p>\n<p>[\/vc_column_text][vc_btn title=&#8221;MODULO DI RICHIESTA RIMBORSO&#8221; color=&#8221;primary&#8221; link=&#8221;url:https%3A%2F%2Fwww.diocesidiroma.it%2Fsostentamentocleroroma%2Fwp-content%2Fuploads%2F2023%2F09%2FMODULO_DENUNCIA_SINISTRO_POLIZZA_SANITARIA.pdf||target:%20_blank|&#8221;][vc_column_text]<\/p>\n<p style=\"text-align: justify;\"><span style=\"font-family: footlight mt; font-size: large;\">Dopo aver compilato il modulo di richiesta rimborso, \u00e8 possibile scegliere tra le seguenti 2 opzioni:<\/span><\/p>\n<p style=\"text-align: justify;\"><span style=\"font-family: footlight mt; font-size: large;\">1) Inviare\u00a0 un&#8217;email direttamente, all&#8217;indirizzo di posta elettronica <span style=\"color: #000000;\"><a style=\"color: #000000;\" href=\"mailto:-raa@icsc.it\">raa@icsc.it<\/a><\/span>, allegando i seguenti documenti <strong>esclusivamente in formato pdf<\/strong>:<\/span><\/p>\n<ul>\n<li style=\"text-align: justify;\"><span style=\"font-family: footlight mt; font-size: large;\">Modulo di richiesta di rimborso compilato<\/span><\/li>\n<li style=\"text-align: justify;\"><span style=\"font-family: footlight mt; font-size: large;\">Prescrizione del medico<\/span><\/li>\n<li style=\"text-align: justify;\"><span style=\"font-family: footlight mt; font-size: large;\">Fatture di spesa delle prestazioni effettuate<\/span><\/li>\n<li style=\"text-align: justify;\"><span style=\"font-family: footlight mt; font-size: large;\">Cartella clinica o lettera dimissioni (solo in caso di ricovero ospedaliero, ambulatoriale o day-hospital)<\/span><\/li>\n<\/ul>\n<p>&nbsp;<\/p>\n<p style=\"text-align: justify;\"><span style=\"font-family: footlight mt; font-size: large;\">2) Avvalersi del supporto dell&#8217;ufficio Sostentamento Clero Roma, inviando un&#8217;email all&#8217;indirizzo di posta elettronica <strong>sacerdoti@sostentamentocleroroma.it<\/strong>\u00a0comunicando il <strong>numero di telefono<\/strong> dell&#8217;assicurato per poter essere ricontattato, ed\u00a0 allegando i seguenti documenti <strong>esclusivamente in formato pdf<\/strong>:<\/span><\/p>\n<ul>\n<li>\n<p style=\"text-align: justify;\"><span style=\"font-family: footlight mt; font-size: large;\">Carta d\u2019Identit\u00e0 o Passaporto in corso di validit\u00e0: scansione digitale fronte\/retro in formato PDF<\/span><\/p>\n<\/li>\n<li>\n<p style=\"text-align: justify;\"><span style=\"font-family: footlight mt; font-size: large;\">Modulo di richiesta di rimborso compilato<\/span><\/p>\n<\/li>\n<li>\n<p style=\"text-align: justify;\"><span style=\"font-family: footlight mt; font-size: large;\">Prescrizione del medico<\/span><\/p>\n<\/li>\n<li>\n<p style=\"text-align: justify;\"><span style=\"font-family: footlight mt; font-size: large;\">Fatture di spesa delle prestazioni effettuate<\/span><\/p>\n<\/li>\n<li>\n<p style=\"text-align: justify;\"><span style=\"font-family: footlight mt; font-size: large;\">Cartella clinica o lettera dimissioni (solo in caso di ricovero ospedaliero, ambulatoriale o day-hospital)<\/span><\/p>\n<\/li>\n<\/ul>\n<p>[\/vc_column_text][vc_column_text css=&#8221;.vc_custom_1648552521069{margin-top: 4% !important;}&#8221;]<\/p>\n<p style=\"text-align: justify;\"><span style=\"font-family: footlight mt; font-size: large;\"><strong>N.B.:<\/strong> Si rende noto che tutte le spese sanitarie che vengono rimborsate dall\u2019assicurazione, non potranno essere inserite nella dichiarazione dei redditi quali oneri deducibili dalle imposte dovute.<\/span><\/p>\n<p>[\/vc_column_text][vc_column_text css=&#8221;.vc_custom_1699950491484{margin-top: 4% !important;}&#8221;]<\/p>\n<p style=\"text-align: justify;\"><span style=\"font-family: footlight mt; font-size: large;\">Per ulteriori informazioni \u00e8 possibile contattare il Dott. Stefano Fiore al numero 06.698.86316 o all&#8217;indirizzo di posta elettronica <strong>sacerdoti@sostentamentocleroroma.it\u00a0.<\/strong><\/span><\/p>\n<p>[\/vc_column_text][\/vc_column][\/vc_row][vc_row][vc_column][vc_column_text]<\/p>\n<p>&nbsp;<\/p>\n<p>[\/vc_column_text][\/vc_column][\/vc_row]<\/p>\n","protected":false},"excerpt":{"rendered":"<p>[vc_row css=&#8221;.vc_custom_1643019192757{background-position: center !important;background-repeat: no-repeat !important;background-size: cover !important;}&#8221;][vc_column width=&#8221;1\/4&#8243; css=&#8221;.vc_custom_1643100980944{background-image: url(https:\/\/www.diocesidiroma.it\/sostentamentocleroroma\/wp-content\/uploads\/2022\/01\/blu.jpg?id=5389) !important;}&#8221;][vc_btn title=&#8221;ISCRIZIONI E VARIAZIONI&#8221; color=&#8221;primary&#8221; size=&#8221;xs&#8221; align=&#8221;center&#8221; button_block=&#8221;true&#8221; link=&#8221;url:https%3A%2F%2Fwww.diocesidiroma.it%2Fsostentamentocleroroma%2Findex.php%2Fsacerdoti%2Fsacerdoti-iscrizione%2F|title:SEZIONE%20SACERDOTI||&#8221; css=&#8221;.vc_custom_1683114807258{margin-top: 14% !important;}&#8221;][vc_btn title=&#8221;PORTALE &#8211; SERVIZI AL SACERDOTE&#8221; color=&#8221;primary&#8221; size=&#8221;xs&#8221; align=&#8221;center&#8221; button_block=&#8221;true&#8221; link=&#8221;url:https%3A%2F%2Fwww.diocesidiroma.it%2Fsostentamentocleroroma%2Findex.php%2Fsacerdoti%2Fsacerdoti-area-personale%2F|title:SEZIONE%20SACERDOTI||&#8221; css=&#8221;.vc_custom_1680002591496{margin-top: -5% !important;}&#8221;][vc_btn title=&#8221;ASSISTENZA SANITARIA&#8221; color=&#8221;primary&#8221; size=&#8221;xs&#8221; align=&#8221;center&#8221; button_block=&#8221;true&#8221; link=&#8221;url:https%3A%2F%2Fwww.diocesidiroma.it%2Fsostentamentocleroroma%2Findex.php%2Fsacerdoti%2Fsacerdoti-polizza-sanitaria%2F|title:SEZIONE%20SACERDOTI||&#8221; css=&#8221;.vc_custom_1680002786173{margin-top: -5% !important;}&#8221;][vc_btn title=&#8221;REGOLAMENTO&#8221; style=&#8221;custom&#8221; custom_background=&#8221;#eaeaea&#8221; custom_text=&#8221;#0a0a0a&#8221; size=&#8221;xs&#8221; align=&#8221;center&#8221; link=&#8221;url:https%3A%2F%2Fwww.diocesidiroma.it%2Fsostentamentocleroroma%2Findex.php%2Fsacerdoti%2Fsacerdoti-polizza-sanitaria%2Fsacerdoti-polizzasanitaria-regolamento%2F|title:SEZIONE%20SACERDOTI||&#8221; css=&#8221;.vc_custom_1762439896847{margin-top: -5% [&hellip;]<\/p>\n","protected":false},"author":2,"featured_media":0,"parent":5542,"menu_order":0,"comment_status":"closed","ping_status":"closed","template":"page-templates\/page_fullwidth.php","meta":{"footnotes":""},"class_list":["post-5558","page","type-page","status-publish","hentry"],"_links":{"self":[{"href":"https:\/\/www.diocesidiroma.it\/sostentamentocleroroma\/index.php\/wp-json\/wp\/v2\/pages\/5558","targetHints":{"allow":["GET"]}}],"collection":[{"href":"https:\/\/www.diocesidiroma.it\/sostentamentocleroroma\/index.php\/wp-json\/wp\/v2\/pages"}],"about":[{"href":"https:\/\/www.diocesidiroma.it\/sostentamentocleroroma\/index.php\/wp-json\/wp\/v2\/types\/page"}],"author":[{"embeddable":true,"href":"https:\/\/www.diocesidiroma.it\/sostentamentocleroroma\/index.php\/wp-json\/wp\/v2\/users\/2"}],"replies":[{"embeddable":true,"href":"https:\/\/www.diocesidiroma.it\/sostentamentocleroroma\/index.php\/wp-json\/wp\/v2\/comments?post=5558"}],"version-history":[{"count":91,"href":"https:\/\/www.diocesidiroma.it\/sostentamentocleroroma\/index.php\/wp-json\/wp\/v2\/pages\/5558\/revisions"}],"predecessor-version":[{"id":14159,"href":"https:\/\/www.diocesidiroma.it\/sostentamentocleroroma\/index.php\/wp-json\/wp\/v2\/pages\/5558\/revisions\/14159"}],"up":[{"embeddable":true,"href":"https:\/\/www.diocesidiroma.it\/sostentamentocleroroma\/index.php\/wp-json\/wp\/v2\/pages\/5542"}],"wp:attachment":[{"href":"https:\/\/www.diocesidiroma.it\/sostentamentocleroroma\/index.php\/wp-json\/wp\/v2\/media?parent=5558"}],"curies":[{"name":"wp","href":"https:\/\/api.w.org\/{rel}","templated":true}]}}