{"id":62,"date":"2025-01-29T08:05:38","date_gmt":"2025-01-29T07:05:38","guid":{"rendered":"https:\/\/www.diocesidiroma.it\/ufficioclero\/?page_id=62"},"modified":"2025-01-29T08:05:38","modified_gmt":"2025-01-29T07:05:38","slug":"documentos-para-la-convencion","status":"publish","type":"page","link":"https:\/\/www.diocesidiroma.it\/ufficioclero\/index.php\/documentos-para-la-convencion\/","title":{"rendered":"Documentos para la Convenci\u00f3n"},"content":{"rendered":"<div id=\"td_uid_1_6a9c596bb2d2f\" class=\"tdc-row stretch_row_content td-stretch-content\"><div class=\"vc_row td_uid_1_6a9c596bb2d37_rand  wpb_row td-pb-row\" ><div class=\"vc_column td_uid_2_6a9c596bb2e90_rand  wpb_column vc_column_container tdc-column td-pb-span8\"><div class=\"wpb_wrapper\"><div class=\"wpb_wrapper wpb_text_column td_block_wrap td_block_wrap vc_column_text td_uid_3_6a9c596bb3081_rand  td-pb-border-top td_block_template_10\"  data-td-block-uid=\"td_uid_3_6a9c596bb3081\" \"><div class=\"td-block-title-wrap\"><\/div><div class=\"td-fix-index\"><h1 style=\"text-align: center;\">Documentos \u00fatiles para la estipulaci\u00f3n de la Convenci\u00f3n C.E.I.<\/h1>\n<p style=\"text-align: center;\">para el servicio pastoral en Italia de los sacerdotes diocesanos estudiantes de los territorios de misi\u00f3n<\/p>\n<\/div><\/div><div class=\"wpb_wrapper wpb_text_column td_block_wrap td_block_wrap vc_column_text td_uid_4_6a9c596bb487e_rand  td-pb-border-top td_block_template_10\"  data-td-block-uid=\"td_uid_4_6a9c596bb487e\" \"><div class=\"td-block-title-wrap\"><\/div><div class=\"td-fix-index\"><h4><span style=\"color: #ff0000;\"><strong>Por parte del Obispo de la Iglesia que env\u00eda:<\/strong><\/span><\/h4>\n<ul>\n<li>Pedir al Obispo de la Iglesia que env\u00ede al Vicario General de Su Santidad para la Di\u00f3cesis de Roma, indicando la especialidad de los estudios, la duraci\u00f3n m\u00e1xima de los cursos y la Universidad elegida; la solicitud debe ser refrendada por el Nuncio Apost\u00f3lico de la naci\u00f3n que la env\u00eda;<\/li>\n<li>Declaraciones del Obispo de la Iglesia que env\u00eda:\n<ul>\n<li>A) curr\u00edculum vitae del sacerdote,<\/li>\n<li>B) concesi\u00f3n de competencia (celebret),<\/li>\n<li>C) declaraci\u00f3n de buena conducta (ver formularios para descargar 1\u00b0);<\/li>\n<\/ul>\n<\/li>\n<\/ul>\n<h4><span style=\"color: #ff0000;\"><strong>Por parte del Sacerdote Estudiante<\/strong>:<\/span><\/h4>\n<ul>\n<li>Certificado de matr\u00edcula o preinscripci\u00f3n en la Universidad;<\/li>\n<li>Pasaporte vigente;<\/li>\n<li>C\u00f3digo fiscal y tarjeta sanitaria, que son documentos que se hacen aqui en Italia;<\/li>\n<li>Permiso de residencia v\u00e1lido (alternativamente recibo de pago pagado y cita previa en la Jefatura de Polic\u00eda para la recogida);<\/li>\n<li>Autodeclaraci\u00f3n (ver formularios para descargar 2\u00b0);<\/li>\n<\/ul>\n<h4><span style=\"color: #ff0000;\"><strong>Por parte del p\u00e1rroco que acoge:<\/strong><\/span><\/h4>\n<ul>\n<li>Carta de bienvenida con fecha de llegada a la Parroquia del Presb\u00edtero;<\/li>\n<li>Compromiso pastoral (ver formularios para descargar 3\u00b0).<\/li>\n<\/ul>\n<\/div><\/div><div class=\"wpb_wrapper wpb_text_column td_block_wrap td_block_wrap vc_column_text td_uid_5_6a9c596bb4b7d_rand  td-pb-border-top td_block_template_10\"  data-td-block-uid=\"td_uid_5_6a9c596bb4b7d\" \"><div class=\"td-block-title-wrap\"><\/div><div class=\"td-fix-index\"><h1 class=\"u-align-left u-text u-text-1\" style=\"text-align: center;\">Documentos \u00fatiles para la Extensi\u00f3n de la Convenci\u00f3n C.E.I.<\/h1>\n<p style=\"text-align: center;\">para el servicio pastoral en Italia de los sacerdotes diocesanos estudiantes de los territorios de misi\u00f3n<\/p>\n<\/div><\/div><div class=\"wpb_wrapper wpb_text_column td_block_wrap td_block_wrap vc_column_text td_uid_6_6a9c596bb4c75_rand  td-pb-border-top td_block_template_10\"  data-td-block-uid=\"td_uid_6_6a9c596bb4c75\" \"><div class=\"td-block-title-wrap\"><\/div><div class=\"td-fix-index\"><ol>\n<li>Pedir al Obispo de la Iglesia que env\u00ede al Vicario General de Su Santidad para la Di\u00f3cesis de Roma, indicando la especialidad de los estudios, la duraci\u00f3n m\u00e1xima de los cursos y la Universidad elegida; la solicitud debe ser refrendada por el Nuncio Apost\u00f3lico de la naci\u00f3n que la env\u00eda;<\/li>\n<li>Certificado de matr\u00edcula o preinscripci\u00f3n en la Universidad;<\/li>\n<li>Carta de bienvenida con confirmaci\u00f3n de la estancia del Sacerdote en la Parroquia;<\/li>\n<li>Compromiso pastoral (ver formularios para descargar 2\u00b0);<\/li>\n<li>Pasaporte vigente;<\/li>\n<li>Permiso de residencia v\u00e1lido (alternativamente recibo de pago pagado y cita previa en la Jefatura de Polic\u00eda para la recogida).<\/li>\n<\/ol>\n<\/div><\/div><\/div><\/div><div class=\"vc_column td_uid_7_6a9c596bb4d62_rand  wpb_column vc_column_container tdc-column td-pb-span4\"><div class=\"wpb_wrapper\"><div class=\"wpb_wrapper td_block_wrap vc_widget_sidebar td_uid_8_6a9c596bb4d94_rand \" ><aside class=\"widget_text td_block_template_10 widget widget_custom_html\"><div class=\"textwidget custom-html-widget\"><!--\r\n<link rel=\"stylesheet\" href=\"https:\/\/www.diocesidiroma.it\/ufficioclero\/nicepage.css\" media=\"screen\">\r\n<link rel=\"stylesheet\" href=\"https:\/\/www.diocesidiroma.it\/ufficioclero\/Home.css\" media=\"screen\">\r\n<script class=\"u-script\" type=\"text\/javascript\" src=\"https:\/\/www.diocesidiroma.it\/ufficioclero\/jquery.js\" defer=\"\"><\/script>\r\n<script class=\"u-script\" type=\"text\/javascript\" src=\"https:\/\/www.diocesidiroma.it\/ufficioclero\/nicepage.js\" defer=\"\"><\/script>\r\n<link id=\"u-theme-google-font\" rel=\"stylesheet\" href=\"https:\/\/fonts.googleapis.com\/css?family=Roboto:100,100i,300,300i,400,400i,500,500i,700,700i,900,900i|Open+Sans:300,300i,400,400i,600,600i,700,700i,800,800i\">\r\n<link id=\"u-page-google-font\" rel=\"stylesheet\" href=\"https:\/\/fonts.googleapis.com\/css?family=Open+Sans:300,300i,400,400i,600,600i,700,700i,800,800i\">\r\n<div class=\"u-align-center u-container-style u-expanded-width-xs u-group u-group-1\">\r\n<div class=\"u-container-layout u-valign-top-lg u-valign-top-xl u-container-layout-1\">\r\n<h3 class=\"u-text u-text-custom-color-1 u-text-default u-text-5\">Moduli da Scaricare <\/h3>\r\n<a href=\"https:\/\/www.diocesidiroma.it\/ufficioclero\/files\/Dichiarazione-di-buona-condotta.pdf\" class=\"u-align-right u-btn u-btn-round u-button-style u-file-link u-hover-custom-color-1 u-palette-1-base u-radius-9 u-btn-1\" target=\"_blank\" style=\"padding: 15px 20px\"><span class=\"u-file-icon u-icon u-text-white u-icon-1\"><img decoding=\"async\" src=\"https:\/\/www.diocesidiroma.it\/ufficioclero\/images\/3.png\" alt=\"\"><\/span>&nbsp;&nbsp;1\u00b0&nbsp;Dichiarazione Buona Condotta\r\n<\/a>\r\n<a href=\"https:\/\/www.diocesidiroma.it\/ufficioclero\/files\/AUTODICHIARAZIONE.pdf\" class=\"u-align-right u-btn u-btn-round u-button-style u-file-link u-hover-custom-color-1 u-palette-1-base u-radius-9 u-btn-8\" target=\"_blank\"><span class=\"u-file-icon u-icon u-text-white u-icon-1\"><img decoding=\"async\" src=\"https:\/\/www.diocesidiroma.it\/ufficioclero\/images\/3.png\" alt=\"\"><\/span>&nbsp;&nbsp;2\u00b0&nbsp;Autodichiarazione\r\n<\/a> \r\n<a href=\"https:\/\/www.diocesidiroma.it\/ufficioclero\/files\/MODELLO SERVIZIO PASTORALE.pdf\" class=\"u-align-right u-btn u-btn-round u-button-style u-file-link u-hover-custom-color-1 u-palette-1-base u-radius-9 u-btn-8\" target=\"_blank\"><span class=\"u-file-icon u-icon u-text-white u-icon-1\"><img decoding=\"async\" src=\"https:\/\/www.diocesidiroma.it\/ufficioclero\/images\/3.png\" alt=\"\"><\/span>&nbsp;&nbsp;3\u00b0&nbsp;Modello Impegno Pastorale\r\n<\/a>          \r\n<\/div>\r\n<\/div>\r\n-->\r\n<style>\r\n\/* Stili per azzerare e pulire i tag della lista *\/\r\n.download-list {\r\n  list-style: none !important; \/* Rimuove i pallini alla radice *\/\r\n  padding-left: 0 !important;   \/* Rimuove i rientri *\/\r\n  margin: 15px 0;\r\n}\r\n\r\n.download-list li {\r\n  list-style: none !important; \/* Forza la disattivazione dello stile su ogni elemento *\/\r\n  list-style-type: none !important;\r\n  margin-bottom: 10px;        \/* Distanza verticale tra i bottoni *\/\r\n  padding: 0 !important;       \/* Rimuove eventuali padding ereditati *\/\r\n}\r\n\r\n\/* Stili per i pulsanti di larghezza fissa e testo centrato *\/\r\n.download-link {\r\n  display: inline-flex;\r\n  align-items: center;\r\n  \r\n  gap: 8px;              \/* Spazio tra testo e icona *\/\r\n  width: 320px;          \/* Larghezza fissa identica per tutti i bottoni *\/\r\n  box-sizing: border-box; \/* Include padding nel calcolo dei 280px *\/\r\n  \r\n  font-size: 0.95rem;    \r\n  font-weight: 500;      \r\n  color: #ffffff !important; \r\n  background-color: #0056b3; \r\n  padding: 8px 16px;     \r\n  border-radius: 4px;    \r\n  text-decoration: none; \r\n  transition: background-color 0.2s ease;\r\n}\r\n\r\n\/* Effetto al passaggio del mouse *\/\r\n.download-link:hover {\r\n  background-color: #004085; \r\n  color: #ffffff !important; \r\n  text-decoration: none;\r\n}\r\n\r\n\/* Stile dell'icona *\/\r\n.download-link i {\r\n  color: #ffffff;\r\n  font-size: 1rem;\r\n}\r\n<\/style>\r\n\r\n<div class=\"u-container-layout u-valign-top-lg u-valign-top-xl u-container-layout-1\">\r\n  <h3 class=\"u-text u-text-custom-color-1 u-text-default u-text-5\">Moduli da Scaricare<\/h3>\r\n  \r\n  <ul class=\"download-list\">\r\n    <li>\r\n      <a href=\"https:\/\/www.diocesidiroma.it\/ufficioclero\/files\/Dichiarazione-di-buona-condotta.pdf\" class=\"download-link\" target=\"_blank\">\r\n        <i class=\"fas fa-download\"><\/i> 1. Dichiarazione Buona Condotta\r\n      <\/a>\r\n    <\/li>\r\n     \r\n    <li>\r\n      <a href=\"https:\/\/www.diocesidiroma.it\/ufficioclero\/files\/AUTODICHIARAZIONE.pdf\" class=\"download-link\" target=\"_blank\">\r\n        <i class=\"fas fa-download\"><\/i> 2. Autodichiarazione\r\n      <\/a>\r\n    <\/li> \r\n    \r\n    <li>\r\n      <a href=\"https:\/\/www.diocesidiroma.it\/ufficioclero\/files\/MODELLO SERVIZIO PASTORALE.pdf\" class=\"download-link\" target=\"_blank\">\r\n         <i class=\"fas fa-download\"><\/i> 3. Modello Impegno Pastorale\r\n      <\/a>\r\n    <\/li>\r\n  <\/ul>          \r\n<\/div><\/div><\/aside><\/div><\/div><\/div><\/div><\/div>\r\n\t\t<script>\r\n\r\n\t\t\tjQuery(window).load(function () {\r\n\t\t\t\tjQuery('body').find('#td_uid_1_6a9c596bb2d2f .td-element-style').each(function (index, element) {\r\n\t\t\t\t\tjQuery(element).css('opacity', 1);\r\n\t\t\t\t\treturn;\r\n\t\t\t\t});\r\n\t\t\t});\r\n\r\n\t\t<\/script>\r\n\r\n\t\t\r\n\t\t\t<script>\r\n\r\n\t\t\t\tjQuery(window).ready(function () {\r\n\r\n\t\t\t\t\t\/\/ We need timeout because the content must be rendered and interpreted on client\r\n\t\t\t\t\tsetTimeout(function () {\r\n\r\n\t\t\t\t\t\tvar $content = jQuery('body').find('#tdc-live-iframe'),\r\n\t\t\t\t\t\t\trefWindow = undefined;\r\n\r\n\t\t\t\t\t\tif ($content.length) {\r\n\t\t\t\t\t\t\t$content = $content.contents();\r\n\t\t\t\t\t\t\trefWindow = document.getElementById('tdc-live-iframe').contentWindow || document.getElementById('tdc-live-iframe').contentDocument;\r\n\r\n\t\t\t\t\t\t} else {\r\n\t\t\t\t\t\t\t$content = jQuery('body');\r\n\t\t\t\t\t\t\trefWindow = window;\r\n\t\t\t\t\t\t}\r\n\r\n\t\t\t\t\t\t$content.find('#td_uid_1_6a9c596bb2d2f .td-element-style').each(function (index, element) {\r\n\t\t\t\t\t\t\tjQuery(element).css('opacity', 1);\r\n\t\t\t\t\t\t\treturn;\r\n\t\t\t\t\t\t});\r\n\t\t\t\t\t});\r\n\r\n\t\t\t\t}, 200);\r\n\t\t\t<\/script>\r\n\r\n\t\t\t","protected":false},"excerpt":{"rendered":"Por parte del Obispo de la Iglesia que env\u00eda: Pedir al Obispo de la Iglesia que env\u00ede al Vicario General de Su Santidad para la Di\u00f3cesis de Roma, indicando la especialidad de los estudios, la duraci\u00f3n m\u00e1xima de los cursos y la Universidad elegida; la solicitud debe ser refrendada por el Nuncio Apost\u00f3lico de la [...]","protected":false},"author":1,"featured_media":0,"parent":0,"menu_order":0,"comment_status":"closed","ping_status":"closed","template":"","meta":{"footnotes":""},"class_list":["post-62","page","type-page","status-publish","hentry"],"_links":{"self":[{"href":"https:\/\/www.diocesidiroma.it\/ufficioclero\/index.php\/wp-json\/wp\/v2\/pages\/62","targetHints":{"allow":["GET"]}}],"collection":[{"href":"https:\/\/www.diocesidiroma.it\/ufficioclero\/index.php\/wp-json\/wp\/v2\/pages"}],"about":[{"href":"https:\/\/www.diocesidiroma.it\/ufficioclero\/index.php\/wp-json\/wp\/v2\/types\/page"}],"author":[{"embeddable":true,"href":"https:\/\/www.diocesidiroma.it\/ufficioclero\/index.php\/wp-json\/wp\/v2\/users\/1"}],"replies":[{"embeddable":true,"href":"https:\/\/www.diocesidiroma.it\/ufficioclero\/index.php\/wp-json\/wp\/v2\/comments?post=62"}],"version-history":[{"count":1,"href":"https:\/\/www.diocesidiroma.it\/ufficioclero\/index.php\/wp-json\/wp\/v2\/pages\/62\/revisions"}],"predecessor-version":[{"id":63,"href":"https:\/\/www.diocesidiroma.it\/ufficioclero\/index.php\/wp-json\/wp\/v2\/pages\/62\/revisions\/63"}],"wp:attachment":[{"href":"https:\/\/www.diocesidiroma.it\/ufficioclero\/index.php\/wp-json\/wp\/v2\/media?parent=62"}],"curies":[{"name":"wp","href":"https:\/\/api.w.org\/{rel}","templated":true}]}}

Documentos para la Convención

<div id="td_uid_1_6a9c596bb2d2f" class="tdc-row stretch_row_content td-stretch-content"><div class="vc_row td_uid_1_6a9c596bb2d37_rand  wpb_row td-pb-row" ><div class="vc_column td_uid_2_6a9c596bb2e90_rand  wpb_column vc_column_container tdc-column td-pb-span8"><div class="wpb_wrapper"><div class="wpb_wrapper wpb_text_column td_block_wrap td_block_wrap vc_column_text td_uid_3_6a9c596bb3081_rand  td-pb-border-top td_block_template_10"  data-td-block-uid="td_uid_3_6a9c596bb3081" "><div class="td-block-title-wrap"></div><div class="td-fix-index"><h1 style="text-align: center;">Documentos útiles para la estipulación de la Convención C.E.I.</h1>
<p style="text-align: center;">para el servicio pastoral en Italia de los sacerdotes diocesanos estudiantes de los territorios de misión</p>
</div></div><div class="wpb_wrapper wpb_text_column td_block_wrap td_block_wrap vc_column_text td_uid_4_6a9c596bb487e_rand  td-pb-border-top td_block_template_10"  data-td-block-uid="td_uid_4_6a9c596bb487e" "><div class="td-block-title-wrap"></div><div class="td-fix-index"><h4><span style="color: #ff0000;"><strong>Por parte del Obispo de la Iglesia que envía:</strong></span></h4>
<ul>
<li>Pedir al Obispo de la Iglesia que envíe al Vicario General de Su Santidad para la Diócesis de Roma, indicando la especialidad de los estudios, la duración máxima de los cursos y la Universidad elegida; la solicitud debe ser refrendada por el Nuncio Apostólico de la nación que la envía;</li>
<li>Declaraciones del Obispo de la Iglesia que envía:
<ul>
<li>A) currículum vitae del sacerdote,</li>
<li>B) concesión de competencia (celebret),</li>
<li>C) declaración de buena conducta (ver formularios para descargar 1°);</li>
</ul>
</li>
</ul>
<h4><span style="color: #ff0000;"><strong>Por parte del Sacerdote Estudiante</strong>:</span></h4>
<ul>
<li>Certificado de matrícula o preinscripción en la Universidad;</li>
<li>Pasaporte vigente;</li>
<li>Código fiscal y tarjeta sanitaria, que son documentos que se hacen aqui en Italia;</li>
<li>Permiso de residencia válido (alternativamente recibo de pago pagado y cita previa en la Jefatura de Policía para la recogida);</li>
<li>Autodeclaración (ver formularios para descargar 2°);</li>
</ul>
<h4><span style="color: #ff0000;"><strong>Por parte del párroco que acoge:</strong></span></h4>
<ul>
<li>Carta de bienvenida con fecha de llegada a la Parroquia del Presbítero;</li>
<li>Compromiso pastoral (ver formularios para descargar 3°).</li>
</ul>
</div></div><div class="wpb_wrapper wpb_text_column td_block_wrap td_block_wrap vc_column_text td_uid_5_6a9c596bb4b7d_rand  td-pb-border-top td_block_template_10"  data-td-block-uid="td_uid_5_6a9c596bb4b7d" "><div class="td-block-title-wrap"></div><div class="td-fix-index"><h1 class="u-align-left u-text u-text-1" style="text-align: center;">Documentos útiles para la Extensión de la Convención C.E.I.</h1>
<p style="text-align: center;">para el servicio pastoral en Italia de los sacerdotes diocesanos estudiantes de los territorios de misión</p>
</div></div><div class="wpb_wrapper wpb_text_column td_block_wrap td_block_wrap vc_column_text td_uid_6_6a9c596bb4c75_rand  td-pb-border-top td_block_template_10"  data-td-block-uid="td_uid_6_6a9c596bb4c75" "><div class="td-block-title-wrap"></div><div class="td-fix-index"><ol>
<li>Pedir al Obispo de la Iglesia que envíe al Vicario General de Su Santidad para la Diócesis de Roma, indicando la especialidad de los estudios, la duración máxima de los cursos y la Universidad elegida; la solicitud debe ser refrendada por el Nuncio Apostólico de la nación que la envía;</li>
<li>Certificado de matrícula o preinscripción en la Universidad;</li>
<li>Carta de bienvenida con confirmación de la estancia del Sacerdote en la Parroquia;</li>
<li>Compromiso pastoral (ver formularios para descargar 2°);</li>
<li>Pasaporte vigente;</li>
<li>Permiso de residencia válido (alternativamente recibo de pago pagado y cita previa en la Jefatura de Policía para la recogida).</li>
</ol>
</div></div></div></div><div class="vc_column td_uid_7_6a9c596bb4d62_rand  wpb_column vc_column_container tdc-column td-pb-span4"><div class="wpb_wrapper"><div class="wpb_wrapper td_block_wrap vc_widget_sidebar td_uid_8_6a9c596bb4d94_rand " ><aside class="widget_text td_block_template_10 widget widget_custom_html"><div class="textwidget custom-html-widget"><!--
<link rel="stylesheet" href="https://www.diocesidiroma.it/ufficioclero/nicepage.css" media="screen">
<link rel="stylesheet" href="https://www.diocesidiroma.it/ufficioclero/Home.css" media="screen">
<script class="u-script" type="text/javascript" src="https://www.diocesidiroma.it/ufficioclero/jquery.js" defer=""></script>
<script class="u-script" type="text/javascript" src="https://www.diocesidiroma.it/ufficioclero/nicepage.js" defer=""></script>
<link id="u-theme-google-font" rel="stylesheet" href="https://fonts.googleapis.com/css?family=Roboto:100,100i,300,300i,400,400i,500,500i,700,700i,900,900i|Open+Sans:300,300i,400,400i,600,600i,700,700i,800,800i">
<link id="u-page-google-font" rel="stylesheet" href="https://fonts.googleapis.com/css?family=Open+Sans:300,300i,400,400i,600,600i,700,700i,800,800i">
<div class="u-align-center u-container-style u-expanded-width-xs u-group u-group-1">
<div class="u-container-layout u-valign-top-lg u-valign-top-xl u-container-layout-1">
<h3 class="u-text u-text-custom-color-1 u-text-default u-text-5">Moduli da Scaricare </h3>
<a href="https://www.diocesidiroma.it/ufficioclero/files/Dichiarazione-di-buona-condotta.pdf" class="u-align-right u-btn u-btn-round u-button-style u-file-link u-hover-custom-color-1 u-palette-1-base u-radius-9 u-btn-1" target="_blank" style="padding: 15px 20px"><span class="u-file-icon u-icon u-text-white u-icon-1"><img decoding="async" src="https://www.diocesidiroma.it/ufficioclero/images/3.png" alt=""></span>&nbsp;&nbsp;1°&nbsp;Dichiarazione Buona Condotta
</a>
<a href="https://www.diocesidiroma.it/ufficioclero/files/AUTODICHIARAZIONE.pdf" class="u-align-right u-btn u-btn-round u-button-style u-file-link u-hover-custom-color-1 u-palette-1-base u-radius-9 u-btn-8" target="_blank"><span class="u-file-icon u-icon u-text-white u-icon-1"><img decoding="async" src="https://www.diocesidiroma.it/ufficioclero/images/3.png" alt=""></span>&nbsp;&nbsp;2°&nbsp;Autodichiarazione
</a> 
<a href="https://www.diocesidiroma.it/ufficioclero/files/MODELLO SERVIZIO PASTORALE.pdf" class="u-align-right u-btn u-btn-round u-button-style u-file-link u-hover-custom-color-1 u-palette-1-base u-radius-9 u-btn-8" target="_blank"><span class="u-file-icon u-icon u-text-white u-icon-1"><img decoding="async" src="https://www.diocesidiroma.it/ufficioclero/images/3.png" alt=""></span>&nbsp;&nbsp;3°&nbsp;Modello Impegno Pastorale
</a>          
</div>
</div>
-->
<style>
/* Stili per azzerare e pulire i tag della lista */
.download-list {
  list-style: none !important; /* Rimuove i pallini alla radice */
  padding-left: 0 !important;   /* Rimuove i rientri */
  margin: 15px 0;
}

.download-list li {
  list-style: none !important; /* Forza la disattivazione dello stile su ogni elemento */
  list-style-type: none !important;
  margin-bottom: 10px;        /* Distanza verticale tra i bottoni */
  padding: 0 !important;       /* Rimuove eventuali padding ereditati */
}

/* Stili per i pulsanti di larghezza fissa e testo centrato */
.download-link {
  display: inline-flex;
  align-items: center;
  
  gap: 8px;              /* Spazio tra testo e icona */
  width: 320px;          /* Larghezza fissa identica per tutti i bottoni */
  box-sizing: border-box; /* Include padding nel calcolo dei 280px */
  
  font-size: 0.95rem;    
  font-weight: 500;      
  color: #ffffff !important; 
  background-color: #0056b3; 
  padding: 8px 16px;     
  border-radius: 4px;    
  text-decoration: none; 
  transition: background-color 0.2s ease;
}

/* Effetto al passaggio del mouse */
.download-link:hover {
  background-color: #004085; 
  color: #ffffff !important; 
  text-decoration: none;
}

/* Stile dell'icona */
.download-link i {
  color: #ffffff;
  font-size: 1rem;
}
</style>

<div class="u-container-layout u-valign-top-lg u-valign-top-xl u-container-layout-1">
  <h3 class="u-text u-text-custom-color-1 u-text-default u-text-5">Moduli da Scaricare</h3>
  
  <ul class="download-list">
    <li>
      <a href="https://www.diocesidiroma.it/ufficioclero/files/Dichiarazione-di-buona-condotta.pdf" class="download-link" target="_blank">
        <i class="fas fa-download"></i> 1. Dichiarazione Buona Condotta
      </a>
    </li>
     
    <li>
      <a href="https://www.diocesidiroma.it/ufficioclero/files/AUTODICHIARAZIONE.pdf" class="download-link" target="_blank">
        <i class="fas fa-download"></i> 2. Autodichiarazione
      </a>
    </li> 
    
    <li>
      <a href="https://www.diocesidiroma.it/ufficioclero/files/MODELLO SERVIZIO PASTORALE.pdf" class="download-link" target="_blank">
         <i class="fas fa-download"></i> 3. Modello Impegno Pastorale
      </a>
    </li>
  </ul>          
</div></div></aside></div></div></div></div></div>
		<script>

			jQuery(window).load(function () {
				jQuery('body').find('#td_uid_1_6a9c596bb2d2f .td-element-style').each(function (index, element) {
					jQuery(element).css('opacity', 1);
					return;
				});
			});

		</script>

		
			<script>

				jQuery(window).ready(function () {

					// We need timeout because the content must be rendered and interpreted on client
					setTimeout(function () {

						var $content = jQuery('body').find('#tdc-live-iframe'),
							refWindow = undefined;

						if ($content.length) {
							$content = $content.contents();
							refWindow = document.getElementById('tdc-live-iframe').contentWindow || document.getElementById('tdc-live-iframe').contentDocument;

						} else {
							$content = jQuery('body');
							refWindow = window;
						}

						$content.find('#td_uid_1_6a9c596bb2d2f .td-element-style').each(function (index, element) {
							jQuery(element).css('opacity', 1);
							return;
						});
					});

				}, 200);
			</script>

Por parte del Obispo de la Iglesia que envía: Pedir al Obispo de la Iglesia que envíe al Vicario General de Su Santidad para la Diócesis de Roma, indicando la especialidad de los estudios, la duración máxima de los cursos y la Universidad elegida; la solicitud debe ser refrendada por el Nuncio Apostólico de la [...]
